 - 44*y**3/3 + y**2 - 124*y. Determine r(0).
-88
Suppose 2 = -y + 2*y. Suppose 4*r - 12 = -3*v + 5*v, -y*r = -3*v - 2. Let h(m) = 4 - 5 - 6*m + 2*m**2 - m**2 + r. Give h(6).
3
Suppose -5*n - 2*x - x + 4 = 0, -3*n + 4*x = 15. Let j(u) = -7*u**3 + 14*u**2 - 3*u. Let t(l) = l**3 - 2*l**2. Let k(g) = n*j(g) - 6*t(g). Calculate k(2).
6
Let m(i) = -20*i - 1. Let z(a) = 109*a + 24. Let c(s) = -5*m(s) - z(s). What is c(-3)?
8
Let v(s) = -5*s**2. Let j(n) = -19*n**2 - n + 2. Let c(p) = j(p) - 4*v(p). Let l be 4/(5/(-2) - -2). Let k = 5 + l. Determine c(k).
14
Let p(n) = 6*n**2 - 48*n + 23. Let b be p(9). Suppose -24 = b*y - 71*y. Let t(l) = -l - 13. Calculate t(y).
-9
Let i(t) be the third derivative of 10 - t**2 + 0*t - 3/2*t**3 + 1/24*t**4. Calculate i(12).
3
Let k(h) = h**2 + 2*h - 4. Let g = 192 - 222. Let s = g - -27. Determine k(s).
-1
Let b(j) = -5*j**3 + 10*j**2 - j + 11. Let s(v) = 14*v**3 - 30*v**2 + 3*v - 33. Let h(t) = t - 10. Let o be h(6). Let p(q) = o*s(q) - 11*b(q). What is p(10)?
1
Let q(x) = -3*x + 118. Suppose -16*l - 27*l + 3042 = 35*l. What is q(l)?
1
Let i(p) = -2*p**2 - 14*p + 17. Suppose 216*r - s = 221*r + 39, -2*r + 3*s = 19. What is i(r)?
1
Suppose -10*q - 13 = -13*q - 2*t, 0 = 5*q + t - 31. Let p(d) = -9*d + 57. Determine p(q).
-6
Let j = 33 - 1. Let s be ((-1)/2)/((-16)/j). Let z(n) = -n + 3*n + 6 - s + 2. What is z(-5)?
-3
Let d(g) = -g - 12. Let y be d(0). Let z = -7 - y. Let o(t) = -2*t - 187. Let x(l) = -l - 112. Let a(i) = -3*o(i) + 5*x(i). Determine a(z).
6
Let f(q) be the second derivative of q**3/2 + q**2/2 + q. Let t(a) = 3*a**3 - 73*a**2 + 24*a + 40. Let c be t(24). Suppose 7 = -11*n + c. Give f(n).
10
Let l(y) = -y**3 + y + 6. Let d be (2 - 33/15) + (-26)/(-5). Let a be -2 - (-5 + (3 - -5 - d)). What is l(a)?
6
Let f(b) be the third derivative of -b**6/60 + 5*b**4/24 - 2*b**3 + 4659*b**2. What is f(2)?
-18
Let c(b) be the second derivative of b**5/20 + 11*b**4/3 - 47*b**3/6 - 91*b**2/2 - 20*b - 18. What is c(-45)?
-1
Let f = -4477 - -4476. Let t(s) = -67*s**3 - s**2 + 2. What is t(f)?
68
Suppose 3 + 12 = 5*y. Suppose 71*m - 91 = -659. Let i(k) = -5*k**2 + 10*k - 6. Let r(d) = -2*d**2 + 3*d - 2. Let f(p) = m*r(p) + y*i(p). Give f(-7).
5
Let k(b) be the first derivative of b**4/4 - 5*b**3 + 3*b**2 - 9*b - 14831. What is k(15)?
81
Let x(b) be the first derivative of -b**2/2 - 7*b - 47. Let a(t) be the second derivative of -t**3/6 - t**2/2 - t. Let q be a(4). What is x(q)?
-2
Let f = -3428 + 3428. Let i(y) = y**2 + 3*y - 18. Give i(f).
-18
Let k(n) = -2*n**3 - 3*n**2 + n - 5. Let u = 3357 + -3360. Calculate k(u).
19
Let b(o) = 158 + 571*o - 640*o - 304. Calculate b(-2).
-8
Let p(q) = q**2 - 10*q - 2. Let i(u) = -2*u - 1. Let f(z) = -i(z) + p(z). Suppose -16*n = -n - 60. Determine f(n).
-17
Let f(z) = 2*z**2 + z + 114. Let n be f(0). Let m = -116 + n. Let p(l) = 17*l**2 + l**3 + 2*l - 2*l**3 - 17*l**2 - 1. Determine p(m).
3
Let y(g) = g**3 - 8*g**2 - g + 5. Let q be (-10)/1*(-120)/75. Let p be (20 - q) + 2*2. Calculate y(p).
-3
Let i(x) = 3*x - 5. Let p be i(4). Suppose 4*d = -p + 39. Let f(j) be the second derivative of -j**4/12 + j**3 + 11*j**2/2 - 39*j - 334. Calculate f(d).
-5
Let v(r) = 2*r - 6. Suppose 40*c = -1137 + 337. Let t be 5/(c/8) - -2. Determine v(t).
-6
Let h(m) = 15*m + 119. Let r be h(-8). Let q be r/((42/6)/(-21)). Let x(c) = -c**2 + 7*c - 3. Determine x(q).
9
Let t = 16 - 23. Let i(a) = -a**3 - 2*a - a**2 - 35*a**2 - 11*a**2 + 39*a**2 - 7. Calculate i(t).
-42
Suppose -5*v + 2*v = -147. Let i = -53 + v. Let s be (6/1)/(-1) - i. Let m(l) = -2*l + 1. Determine m(s).
5
Suppose 10*y - 27*y = 16*y - 33. Let t(z) be the first derivative of 1/2*z**2 - y + 2*z. Determine t(-9).
-7
Let f(y) be the second derivative of y + 1/6*y**3 + 1/2*y**2 + 0. Suppose 0 = 5*a - p + 353 - 326, -5*p = -2*a - 43. Give f(a).
-3
Let j(p) = -p**3 - 6*p**2 - 2*p + 6. Let k = 2543 - 2548. Give j(k).
-9
Suppose 4*i + 22*i + 19*i = 45. Suppose 0*d + 5*d = 20. Let g(q) = q + 12*q - 4*q + d*q. Determine g(i).
13
Let v(m) = -4 - 104*m + 19*m + 29*m + 27*m + m**2 + 25*m. Let k = -6 - -10. Let l(p) = p - 1. Let j be l(k). Calculate v(j).
-7
Let j(b) = -17 - 3*b - 7 + 0*b. Let m be j(-9). Let k(g) = -m*g**3 - g**3 - 7 + 5 + 1. What is k(-1)?
3
Let h(r) be the second derivative of -r**4/12 + r**3/2 + 17*r**2/2 + 609*r. Determine h(5).
7
Let w = -8064 - -8065. Let k(y) = -11*y. Give k(w).
-11
Let k(b) = 1 - 15*b**3 + 10*b**2 + 2 - 2*b + 16*b**3 - 9*b**2. What is k(3)?
33
Let w(l) be the second derivative of -l**4/12 - 5*l**3/2 - 63*l**2/2 + 5493*l. Calculate w(-6).
-9
Let o(h) be the second derivative of -h**4/12 - h**3 + h**2/2 - 492*h. Calculate o(-8).
-15
Let i(f) = -f**3 + 2*f**2 + 3*f - 3. Let k = 6 + 73. Let o = -77 + k. Let d be i(o). Let h(w) = -3*w + 2. Determine h(d).
-7
Let v(h) be the first derivative of 2*h**3/3 - 9*h**2/2 - 11*h + 12. Suppose f + 4*j = -0*j - 3, 15*f + j - 73 = 0. Give v(f).
-6
Let n(l) be the first derivative of 9*l**2/2 - 31*l - 1007. Determine n(4).
5
Let z(a) = -5*a**2 + 2*a + 1. Let f(s) = 2*s**2 - 1. Let o(m) = -2*f(m) - z(m). Let n(g) = g**3 - 7*g**2 - 26*g - 42. Let j be n(10). What is o(j)?
9
Let x(g) = g**2 - 16*g + 30. Let i be x(15). Let h(k) = -2*k + k + 26 - 7 - i. Suppose -w - z = 2*z + 12, -5*z = 3*w + 20. Calculate h(w).
4
Suppose -5*n - 21 = -5*y - 3*n, y = n + 3. Suppose y*j = -17 + 12. Let r be ((-84)/(-18))/(j + (-3)/(-9)). Let b(s) = s**3 + 8*s**2 + 9*s + 5. What is b(r)?
-9
Let p(j) = -8*j - 167. Let t(l) = -8*l - 207. Let o(a) = 6*p(a) - 5*t(a). Give o(0).
33
Let a be (-55)/(-6) - 178/1068. Let j(d) = -8*d + 53. What is j(a)?
-19
Let d be (5/2 - 1)/((-117)/(-702)). Let s(t) = -2*t**2 - 8*t + 233. Determine s(d).
-1
Let z(m) = -635774 - 4*m + 635775 + 22*m. Suppose 2*a = -1 + 3. Let h = -2 + a. Determine z(h).
-17
Let h = -2 - -11. Suppose 11*y = h*y. Let w(l) be the first derivative of l**2/2 - 9*l - 336. What is w(y)?
-9
Let i(r) be the first derivative of -6*r - 156 + 2*r - 2*r**2 + 2*r - 2*r + r. Determine i(3).
-15
Suppose n - 24 = -5*b, -2*n = b - n - 8. Let x(f) = 4*f - 49. Let t(w) = w - 12. Let l(p) = b*x(p) - 18*t(p). What is l(7)?
6
Let m(k) = k**2 + 5*k - 32. Let t be (-55)/1045 + (5/19)/5. Determine m(t).
-32
Let r = 57 - -3. Let h(j) = -j - 57 - r + 0*j + 119. Let d = 20 - 14. Give h(d).
-4
Let s(t) = -t**2 + 2*t + 13. Let a(o) = -o**2 - 8*o - 16. Let r be a(-2). Calculate s(r).
-11
Let h = 5726 + -5717. Let c(t) = 19*t - 18*t - 2 - 7. What is c(h)?
0
Let c(y) = 0*y**3 - y**3 - 6 + 11*y**2 + 13*y - 3. Let s be (3/2)/((-1 - 2)*(-83)/1992). Determine c(s).
3
Suppose -6*o + k + 92 = -2*o, 2*o - 56 = 3*k. Let c = 24 - o. Let q(n) = -c*n - 6*n**2 - 2 + 3 + 3*n**3 + n**2 - 4*n**3. Calculate q(-4).
-7
Let r(j) = -j**3 - 13*j**2 - 12*j + 13. Let k(y) = -y**3 - 15*y**2 - 13*y + 16. Let c(a) = -3*k(a) + 4*r(a). Determine c(-4).
-8
Let j(h) = -2*h**3 - 14*h**2 + h + 12. Let f be j(-7). Suppose 46 = -f*a - 5*u - 269, -u = 2*a + 128. Let v = a - -69. Let o(y) = y**2 - 3*y + 4. What is o(v)?
8
Let n(d) be the third derivative of 1/5*d**5 - 2*d**3 + 217 - 1/120*d**6 + 2*d**2 + 1/24*d**4 + 0*d. Calculate n(12).
0
Let m(p) = -2*p - 34. Suppose -2*t - 5*u - 10 = 0, 5*t - 6*t + 1 = 4*u. What is m(t)?
-4
Suppose -60 = s + x - 65, -2*x - 67 = -5*s. Let i(p) be the second derivative of p**3/3 - 4*p**2 + p. What is i(s)?
14
Let j(v) = v**3 + 3*v**2 + 6*v + 5. Let l(g) = -15*g**2 - 40*g + 11. Let c be l(-3). Calculate j(c).
-35
Let b(z) = 2*z - 192 - 111 + 318. Determine b(-9).
-3
Let y(t) = -29*t**2 + 38*t + 5. Let q(m) = -7*m**2 - m. Let s(i) = -5*q(i) + y(i). Calculate s(-7).
-2
Suppose -134*f + 68*f = -132. Let l(v) = 10*v - 38. Calculate l(f).
-18
Let y = -26 - -35. Let f = y - 2. Let m(i) = -3*i**3 - 14*i**2 - 12*i + 1. Let j(w) = -5*w**3 - 21*w**2 - 19*w + 2. Let r(z) = 5*j(z) - 8*m(z). Calculate r(f).
9
Let k(v) = 11*v**3 - 2*v**2 + 2*v - 1. Let i be k(1). Let x = 585 - 625. Let a be 16/x + (-36)/i. Let p(r) = r**2 - 1. What is p(a)?
15
Let v(q) be the first derivative of -5/6*q**3 + 1/6*q**4 + 1/20*q**5 - 22*q - 3/2*q**2 + 5. Let n(r) be the first derivative of v(r). Give n(-3).
3
Suppose 8*g = 3*d + 3*g - 21, -4 = -5*d - 2*g. Let k(s) = -3 + 4*s + s + 0*s - s**3 + 2*s**3 + 7*s**d. 